[INFO] cloning repository https://github.com/e-max/grin-map
[INFO] running `Command { std: "git" "-c" "credential.helper=" "-c" "credential.helper=/workspace/cargo-home/bin/git-credential-null" "clone" "--bare" "https://github.com/e-max/grin-map" "/workspace/cache/git-repos/https%3A%2F%2Fgithub.com%2Fe-max%2Fgrin-map", kill_on_drop: false }`
[INFO] [stderr] Cloning into bare repository '/workspace/cache/git-repos/https%3A%2F%2Fgithub.com%2Fe-max%2Fgrin-map'...
[INFO] running `Command { std: "git" "rev-parse" "HEAD", kill_on_drop: false }`
[INFO] [stdout] d80741ecf919162bf6adf07c2a8d46044cf81f8c
[INFO] checking e-max/grin-map against try#72f88fc4e9458f89516a0b8b0868f3718aec5b47 for pr-74989
[INFO] running `Command { std: "git" "clone" "/workspace/cache/git-repos/https%3A%2F%2Fgithub.com%2Fe-max%2Fgrin-map" "/workspace/builds/worker-1/source", kill_on_drop: false }`
[INFO] [stderr] Cloning into '/workspace/builds/worker-1/source'...
[INFO] [stderr] done.
[INFO] validating manifest of git repo https://github.com/e-max/grin-map on toolchain 72f88fc4e9458f89516a0b8b0868f3718aec5b47
[INFO] running `Command { std: "/workspace/cargo-home/bin/cargo" "+72f88fc4e9458f89516a0b8b0868f3718aec5b47" "read-manifest" "--manifest-path" "Cargo.toml", kill_on_drop: false }`
[INFO] started tweaking git repo https://github.com/e-max/grin-map
[INFO] removed path dependency grin_chain from git repo https://github.com/e-max/grin-map
[INFO] removed path dependency grin_core from git repo https://github.com/e-max/grin-map
[INFO] removed path dependency grin_p2p from git repo https://github.com/e-max/grin-map
[INFO] removed path dependency grin_util from git repo https://github.com/e-max/grin-map
[INFO] finished tweaking git repo https://github.com/e-max/grin-map
[INFO] tweaked toml for git repo https://github.com/e-max/grin-map written to /workspace/builds/worker-1/source/Cargo.toml
[INFO] crate git repo https://github.com/e-max/grin-map already has a lockfile, it will not be regenerated
[INFO] running `Command { std: "/workspace/cargo-home/bin/cargo" "+72f88fc4e9458f89516a0b8b0868f3718aec5b47" "fetch" "--locked" "--manifest-path" "Cargo.toml", kill_on_drop: false }`
[INFO] [stderr] warning: dependency (grin_chain) specified without providing a local path, Git repository, or version to use. This will be considered an error in future versions
[INFO] [stderr] warning: dependency (grin_core) specified without providing a local path, Git repository, or version to use. This will be considered an error in future versions
[INFO] [stderr] warning: dependency (grin_p2p) specified without providing a local path, Git repository, or version to use. This will be considered an error in future versions
[INFO] [stderr] warning: dependency (grin_util) specified without providing a local path, Git repository, or version to use. This will be considered an error in future versions
[INFO] [stderr]     Updating crates.io index
[INFO] [stderr] error: the lock file /workspace/builds/worker-1/source/Cargo.lock needs to be updated but --locked was passed to prevent this
[INFO] [stderr] If you want to try to generate the lock file without accessing the network, use the --offline flag.
[INFO] the lockfile is outdated, regenerating it
[INFO] running `Command { std: "/workspace/cargo-home/bin/cargo" "+72f88fc4e9458f89516a0b8b0868f3718aec5b47" "generate-lockfile" "--manifest-path" "Cargo.toml" "-Zno-index-update", kill_on_drop: false }`
[INFO] [stderr]     Blocking waiting for file lock on package cache
[INFO] running `Command { std: "/workspace/cargo-home/bin/cargo" "+72f88fc4e9458f89516a0b8b0868f3718aec5b47" "fetch" "--locked" "--manifest-path" "Cargo.toml", kill_on_drop: false }`
[INFO] [stderr] warning: dependency (grin_chain) specified without providing a local path, Git repository, or version to use. This will be considered an error in future versions
[INFO] [stderr] warning: dependency (grin_core) specified without providing a local path, Git repository, or version to use. This will be considered an error in future versions
[INFO] [stderr] warning: dependency (grin_p2p) specified without providing a local path, Git repository, or version to use. This will be considered an error in future versions
[INFO] [stderr] warning: dependency (grin_util) specified without providing a local path, Git repository, or version to use. This will be considered an error in future versions
[INFO] running `Command { std: "docker" "create" "-v" "/var/lib/crater-agent-workspace/builds/worker-1/target:/opt/rustwide/target:rw,Z" "-v" "/var/lib/crater-agent-workspace/builds/worker-1/source:/opt/rustwide/workdir:ro,Z" "-v" "/var/lib/crater-agent-workspace/cargo-home:/opt/rustwide/cargo-home:ro,Z" "-v" "/var/lib/crater-agent-workspace/rustup-home:/opt/rustwide/rustup-home:ro,Z" "-e" "SOURCE_DIR=/opt/rustwide/workdir" "-e" "CARGO_TARGET_DIR=/opt/rustwide/target" "-e" "CARGO_HOME=/opt/rustwide/cargo-home" "-e" "RUSTUP_HOME=/opt/rustwide/rustup-home" "-w" "/opt/rustwide/workdir" "-m" "1610612736" "--user" "0:0" "--network" "none" "rustops/crates-build-env@sha256:d92eaeed33fa75130ca1ee6c8a01d1ffb62bac859dfdfb3450e3e5d1c0146529" "/opt/rustwide/cargo-home/bin/cargo" "+72f88fc4e9458f89516a0b8b0868f3718aec5b47" "metadata" "--no-deps" "--format-version=1", kill_on_drop: false }`
[INFO] [stderr] WARNING: Your kernel does not support swap limit capabilities or the cgroup is not mounted. Memory limited without swap.
[INFO] [stdout] 5e845f1b128454da48e494fa7bb41471c8a62993cd4c09e8f3f332f6f0a2cbae
[INFO] running `Command { std: "docker" "start" "-a" "5e845f1b128454da48e494fa7bb41471c8a62993cd4c09e8f3f332f6f0a2cbae", kill_on_drop: false }`
[INFO] running `Command { std: "docker" "inspect" "5e845f1b128454da48e494fa7bb41471c8a62993cd4c09e8f3f332f6f0a2cbae", kill_on_drop: false }`
[INFO] running `Command { std: "docker" "rm" "-f" "5e845f1b128454da48e494fa7bb41471c8a62993cd4c09e8f3f332f6f0a2cbae", kill_on_drop: false }`
[INFO] [stdout] 5e845f1b128454da48e494fa7bb41471c8a62993cd4c09e8f3f332f6f0a2cbae
[INFO] running `Command { std: "docker" "create" "-v" "/var/lib/crater-agent-workspace/builds/worker-1/target:/opt/rustwide/target:rw,Z" "-v" "/var/lib/crater-agent-workspace/builds/worker-1/source:/opt/rustwide/workdir:ro,Z" "-v" "/var/lib/crater-agent-workspace/cargo-home:/opt/rustwide/cargo-home:ro,Z" "-v" "/var/lib/crater-agent-workspace/rustup-home:/opt/rustwide/rustup-home:ro,Z" "-e" "SOURCE_DIR=/opt/rustwide/workdir" "-e" "CARGO_TARGET_DIR=/opt/rustwide/target" "-e" "CARGO_INCREMENTAL=0" "-e" "RUST_BACKTRACE=full" "-e" "RUSTFLAGS=--cap-lints=forbid" "-e" "CARGO_HOME=/opt/rustwide/cargo-home" "-e" "RUSTUP_HOME=/opt/rustwide/rustup-home" "-w" "/opt/rustwide/workdir" "-m" "1610612736" "--user" "0:0" "--network" "none" "rustops/crates-build-env@sha256:d92eaeed33fa75130ca1ee6c8a01d1ffb62bac859dfdfb3450e3e5d1c0146529" "/opt/rustwide/cargo-home/bin/cargo" "+72f88fc4e9458f89516a0b8b0868f3718aec5b47" "check" "--frozen" "--all" "--all-targets" "--message-format=json", kill_on_drop: false }`
[INFO] [stdout] f96ee7cea554d163bc8709a6cf1c20837e3e2a7f7018cc01a5d3dfc78aa02bc8
[INFO] [stderr] WARNING: Your kernel does not support swap limit capabilities or the cgroup is not mounted. Memory limited without swap.
[INFO] running `Command { std: "docker" "start" "-a" "f96ee7cea554d163bc8709a6cf1c20837e3e2a7f7018cc01a5d3dfc78aa02bc8", kill_on_drop: false }`
[INFO] [stderr] warning: dependency (grin_chain) specified without providing a local path, Git repository, or version to use. This will be considered an error in future versions
[INFO] [stderr] warning: dependency (grin_core) specified without providing a local path, Git repository, or version to use. This will be considered an error in future versions
[INFO] [stderr] warning: dependency (grin_p2p) specified without providing a local path, Git repository, or version to use. This will be considered an error in future versions
[INFO] [stderr] warning: dependency (grin_util) specified without providing a local path, Git repository, or version to use. This will be considered an error in future versions
[INFO] [stderr]    Compiling proc-macro2 v1.0.21
[INFO] [stderr]    Compiling serde_derive v1.0.116
[INFO] [stderr]     Checking cfg-if v0.1.10
[INFO] [stderr]    Compiling serde v1.0.116
[INFO] [stderr]    Compiling memchr v2.3.3
[INFO] [stderr]     Checking rand_core v0.4.2
[INFO] [stderr]    Compiling log v0.4.11
[INFO] [stderr]    Compiling proc-macro2 v0.4.30
[INFO] [stderr]    Compiling bitflags v1.2.1
[INFO] [stderr]    Compiling autocfg v0.1.7
[INFO] [stderr]    Compiling unicode-xid v0.1.0
[INFO] [stderr]    Compiling typenum v1.12.0
[INFO] [stderr]    Compiling glob v0.3.0
[INFO] [stderr]    Compiling version_check v0.1.5
[INFO] [stderr]    Compiling byteorder v1.3.4
[INFO] [stderr]     Checking lazy_static v1.4.0
[INFO] [stderr]    Compiling crc32fast v1.2.0
[INFO] [stderr]    Compiling regex-syntax v0.6.18
[INFO] [stderr]     Checking nodrop v0.1.14
[INFO] [stderr]     Checking linked-hash-map v0.5.3
[INFO] [stderr]     Checking scopeguard v1.1.0
[INFO] [stderr]     Checking smallvec v1.4.2
[INFO] [stderr]     Checking arrayref v0.3.6
[INFO] [stderr]     Checking constant_time_eq v0.1.5
[INFO] [stderr]    Compiling getrandom v0.1.15
[INFO] [stderr]     Checking traitobject v0.1.0
[INFO] [stderr]     Checking quick-error v1.2.3
[INFO] [stderr]    Compiling arrayvec v0.4.12
[INFO] [stderr]     Checking rustc-demangle v0.1.16
[INFO] [stderr]     Checking log-mdc v0.1.0
[INFO] [stderr]     Checking fnv v1.0.7
[INFO] [stderr]     Checking arc-swap v0.4.7
[INFO] [stderr]    Compiling gcc v0.3.55
[INFO] [stderr]     Checking safemem v0.3.3
[INFO] [stderr]     Checking same-file v1.0.6
[INFO] [stderr]     Checking ppv-lite86 v0.2.9
[INFO] [stderr]     Checking remove_dir_all v0.5.3
[INFO] [stderr]     Checking supercow v0.1.0
[INFO] [stderr]    Compiling unicode-segmentation v1.6.0
[INFO] [stderr]     Checking vec_map v0.8.2
[INFO] [stderr]     Checking strsim v0.8.0
[INFO] [stderr]     Checking bit-vec v0.6.2
[INFO] [stderr]     Checking ansi_term v0.11.0
[INFO] [stderr]     Checking termcolor v1.1.0
[INFO] [stderr]    Compiling num-integer v0.1.43
[INFO] [stderr]    Compiling miniz_oxide v0.4.2
[INFO] [stderr]    Compiling libloading v0.5.2
[INFO] [stderr]    Compiling grin_secp256k1zkp v0.7.9
[INFO] [stderr]    Compiling num-bigint v0.2.6
[INFO] [stderr]    Compiling num-complex v0.2.4
[INFO] [stderr]    Compiling num-iter v0.1.41
[INFO] [stderr]    Compiling num-rational v0.2.4
[INFO] [stderr]     Checking thread_local v1.0.1
[INFO] [stderr]     Checking crossbeam-utils v0.6.6
[INFO] [stderr]     Checking rand_core v0.3.1
[INFO] [stderr]     Checking rand_jitter v0.1.4
[INFO] [stderr]     Checking lock_api v0.3.4
[INFO] [stderr]     Checking block-buffer v0.3.3
[INFO] [stderr]     Checking yaml-rust v0.4.4
[INFO] [stderr]     Checking lru-cache v0.1.2
[INFO] [stderr]     Checking arrayvec v0.3.25
[INFO] [stderr]     Checking humantime v1.3.0
[INFO] [stderr]     Checking unsafe-any v0.4.2
[INFO] [stderr]    Compiling nom v4.2.3
[INFO] [stderr]     Checking walkdir v2.3.1
[INFO] [stderr]    Compiling rand_pcg v0.1.2
[INFO] [stderr]    Compiling rand_chacha v0.1.1
[INFO] [stderr]    Compiling rand v0.6.5
[INFO] [stderr]    Compiling clang-sys v0.28.1
[INFO] [stderr]    Compiling heck v0.3.1
[INFO] [stderr]     Checking rand_isaac v0.1.1
[INFO] [stderr]     Checking rand_xorshift v0.1.1
[INFO] [stderr]     Checking rand_hc v0.1.0
[INFO] [stderr]     Checking crossbeam-queue v0.1.2
[INFO] [stderr]     Checking crossbeam-channel v0.3.9
[INFO] [stderr]     Checking rand v0.5.6
[INFO] [stderr]     Checking parking_lot_core v0.7.2
[INFO] [stderr]     Checking thread-id v3.3.0
[INFO] [stderr]     Checking rand_os v0.1.3
[INFO] [stderr]     Checking memmap v0.7.0
[INFO] [stderr]     Checking atty v0.2.14
[INFO] [stderr]    Compiling which v3.1.1
[INFO] [stderr]     Checking typemap v0.3.3
[INFO] [stderr]    Compiling aho-corasick v0.7.13
[INFO] [stderr]     Checking ordered-float v1.1.0
[INFO] [stderr]     Checking clap v2.33.3
[INFO] [stderr]    Compiling liblmdb-sys v0.2.2
[INFO] [stderr]     Checking parking_lot v0.10.2
[INFO] [stderr]     Checking base64 v0.9.3
[INFO] [stderr]    Compiling bindgen v0.52.0
[INFO] [stderr]     Checking rand_core v0.5.1
[INFO] [stderr]    Compiling quote v1.0.7
[INFO] [stderr]    Compiling quote v0.6.13
[INFO] [stderr]     Checking blake2-rfc v0.2.18
[INFO] [stderr]     Checking backtrace v0.3.50
[INFO] [stderr]     Checking flate2 v1.0.17
[INFO] [stderr]     Checking rand_chacha v0.2.2
[INFO] [stderr]     Checking regex v1.3.9
[INFO] [stderr]    Compiling syn v0.15.44
[INFO] [stderr]     Checking generic-array v0.9.0
[INFO] [stderr]    Compiling syn v1.0.40
[INFO] [stderr]     Checking rand v0.7.3
[INFO] [stderr]    Compiling cexpr v0.3.6
[INFO] [stderr]     Checking digest v0.7.6
[INFO] [stderr]     Checking crypto-mac v0.6.2
[INFO] [stderr]     Checking sha2 v0.7.1
[INFO] [stderr]     Checking ripemd160 v0.7.0
[INFO] [stderr]     Checking hmac v0.6.3
[INFO] [stderr]     Checking pbkdf2 v0.2.3
[INFO] [stderr]     Checking tempfile v3.1.0
[INFO] [stderr]     Checking num v0.2.1
[INFO] [stderr]     Checking lmdb-zero v0.4.4
[INFO] [stderr]    Compiling synstructure v0.12.4
[INFO] [stderr]    Compiling synstructure v0.10.2
[INFO] [stderr]    Compiling thiserror-impl v1.0.20
[INFO] [stderr]    Compiling zeroize_derive v1.0.0
[INFO] [stderr]    Compiling failure_derive v0.1.8
[INFO] [stderr]    Compiling zeroize_derive v0.9.3
[INFO] [stderr]    Compiling structopt-derive v0.2.18
[INFO] [stderr]     Checking zeroize v1.1.0
[INFO] [stderr]     Checking zeroize v0.9.3
[INFO] [stderr]     Checking failure v0.1.8
[INFO] [stderr]     Checking thiserror v1.0.20
[INFO] [stderr]     Checking zip v0.5.8
[INFO] [stderr]     Checking structopt v0.2.18
[INFO] [stderr]     Checking serde_json v1.0.57
[INFO] [stderr]     Checking serde_yaml v0.8.13
[INFO] [stderr]     Checking serde-value v0.6.0
[INFO] [stderr]     Checking chrono v0.4.15
[INFO] [stderr]     Checking env_logger v0.6.2
[INFO] [stderr]     Checking log4rs v0.12.0
[INFO] [stderr]    Compiling env_logger v0.7.1
[INFO] [stderr]     Checking grin_util v4.0.2
[INFO] [stderr]     Checking grin_keychain v4.0.2
[INFO] [stderr]    Compiling croaring-sys-mw v0.4.5
[INFO] [stderr]     Checking croaring-mw v0.4.5
[INFO] [stderr]     Checking grin_core v4.0.2
[INFO] [stderr]     Checking grin_store v4.0.2
[INFO] [stderr]     Checking grin_chain v4.0.2
[INFO] [stderr]     Checking grin_p2p v4.0.2
[INFO] [stderr]     Checking grin-map v0.1.0 (/opt/rustwide/workdir)
[INFO] [stdout] error[E0432]: unresolved import `grin_core::global::set_mining_mode`
[INFO] [stdout]   --> src/main.rs:11:25
[INFO] [stdout]    |
[INFO] [stdout] 11 | use grin_core::global::{set_mining_mode, ChainTypes};
[INFO] [stdout]    |                         ^^^^^^^^^^^^^^^ no `set_mining_mode` in `global`
[INFO] [stdout] 
[INFO] [stdout] 
[INFO] [stdout] error[E0432]: unresolved import `grin_core::global::set_mining_mode`
[INFO] [stdout]   --> src/main.rs:11:25
[INFO] [stdout]    |
[INFO] [stdout] 11 | use grin_core::global::{set_mining_mode, ChainTypes};
[INFO] [stdout]    |                         ^^^^^^^^^^^^^^^ no `set_mining_mode` in `global`
[INFO] [stdout] 
[INFO] [stdout] 
[INFO] [stdout] error[E0407]: method `kernel_data_read` is not a member of trait `ChainAdapter`
[INFO] [stdout]   --> src/adapter.rs:85:5
[INFO] [stdout]    |
[INFO] [stdout] 85 | /     fn kernel_data_read(&self) -> Result<File, chain::Error> {
[INFO] [stdout] 86 | |         unimplemented!()
[INFO] [stdout] 87 | |     }
[INFO] [stdout]    | |_____^ not a member of trait `ChainAdapter`
[INFO] [stdout] 
[INFO] [stdout] 
[INFO] [stdout] error[E0407]: method `kernel_data_write` is not a member of trait `ChainAdapter`
[INFO] [stdout]   --> src/adapter.rs:88:5
[INFO] [stdout]    |
[INFO] [stdout] 88 | /     fn kernel_data_write(&self, _reader: &mut Read) -> Result<bool, chain::Error> {
[INFO] [stdout] 89 | |         unimplemented!()
[INFO] [stdout] 90 | |     }
[INFO] [stdout]    | |_____^ not a member of trait `ChainAdapter`
[INFO] [stdout] 
[INFO] [stdout] 
[INFO] [stdout] error[E0407]: method `kernel_data_read` is not a member of trait `ChainAdapter`
[INFO] [stdout]   --> src/adapter.rs:85:5
[INFO] [stdout]    |
[INFO] [stdout] 85 | /     fn kernel_data_read(&self) -> Result<File, chain::Error> {
[INFO] [stdout] 86 | |         unimplemented!()
[INFO] [stdout] 87 | |     }
[INFO] [stdout]    | |_____^ not a member of trait `ChainAdapter`
[INFO] [stdout] 
[INFO] [stdout] 
[INFO] [stdout] error[E0407]: method `kernel_data_write` is not a member of trait `ChainAdapter`
[INFO] [stdout]   --> src/adapter.rs:88:5
[INFO] [stdout]    |
[INFO] [stdout] 88 | /     fn kernel_data_write(&self, _reader: &mut Read) -> Result<bool, chain::Error> {
[INFO] [stdout] 89 | |         unimplemented!()
[INFO] [stdout] 90 | |     }
[INFO] [stdout]    | |_____^ not a member of trait `ChainAdapter`
[INFO] [stdout] 
[INFO] [stdout] 
[INFO] [stdout] warning: unused imports: `Mutex`, `RwLock`
[INFO] [stdout]  --> src/main.rs:6:22
[INFO] [stdout]   |
[INFO] [stdout] 6 | use std::sync::{Arc, Mutex, RwLock};
[INFO] [stdout]   |                      ^^^^^  ^^^^^^
[INFO] [stdout]   |
[INFO] [stdout]   = note: `#[warn(unused_imports)]` on by default
[INFO] [stdout] 
[INFO] [stdout] 
[INFO] [stdout] warning: unused import: `VecDeque`
[INFO] [stdout]   --> src/main.rs:15:33
[INFO] [stdout]    |
[INFO] [stdout] 15 | use std::collections::{HashMap, VecDeque};
[INFO] [stdout]    |                                 ^^^^^^^^
[INFO] [stdout] 
[INFO] [stdout] 
[INFO] [stdout] warning: unused imports: `Error`, `P2PConfig`, `ReasonForBan`
[INFO] [stdout]  --> src/adapter.rs:7:33
[INFO] [stdout]   |
[INFO] [stdout] 7 |     Capabilities, ChainAdapter, Error, NetAdapter, P2PConfig, PeerAddr, PeerInfo, ReasonForBan,
[INFO] [stdout]   |                                 ^^^^^              ^^^^^^^^^                      ^^^^^^^^^^^^
[INFO] [stdout] 
[INFO] [stdout] 
[INFO] [stdout] warning: unused import: `self`
[INFO] [stdout]   --> src/adapter.rs:12:15
[INFO] [stdout]    |
[INFO] [stdout] 12 | use std::io::{self, Read};
[INFO] [stdout]    |               ^^^^
[INFO] [stdout] 
[INFO] [stdout] 
[INFO] [stdout] warning: trait objects without an explicit `dyn` are deprecated
[INFO] [stdout]   --> src/adapter.rs:88:47
[INFO] [stdout]    |
[INFO] [stdout] 88 |     fn kernel_data_write(&self, _reader: &mut Read) -> Result<bool, chain::Error> {
[INFO] [stdout]    |                                               ^^^^ help: use `dyn`: `dyn Read`
[INFO] [stdout]    |
[INFO] [stdout]    = note: `#[warn(bare_trait_objects)]` on by default
[INFO] [stdout] 
[INFO] [stdout] 
[INFO] [stdout] warning: unused imports: `Mutex`, `RwLock`
[INFO] [stdout]  --> src/main.rs:6:22
[INFO] [stdout]   |
[INFO] [stdout] 6 | use std::sync::{Arc, Mutex, RwLock};
[INFO] [stdout]   |                      ^^^^^  ^^^^^^
[INFO] [stdout]   |
[INFO] [stdout]   = note: `#[warn(unused_imports)]` on by default
[INFO] [stdout] 
[INFO] [stdout] 
[INFO] [stdout] warning: unused import: `VecDeque`
[INFO] [stdout]   --> src/main.rs:15:33
[INFO] [stdout]    |
[INFO] [stdout] 15 | use std::collections::{HashMap, VecDeque};
[INFO] [stdout]    |                                 ^^^^^^^^
[INFO] [stdout] 
[INFO] [stdout] 
[INFO] [stdout] warning: unused imports: `Error`, `P2PConfig`, `ReasonForBan`
[INFO] [stdout]  --> src/adapter.rs:7:33
[INFO] [stdout]   |
[INFO] [stdout] 7 |     Capabilities, ChainAdapter, Error, NetAdapter, P2PConfig, PeerAddr, PeerInfo, ReasonForBan,
[INFO] [stdout]   |                                 ^^^^^              ^^^^^^^^^                      ^^^^^^^^^^^^
[INFO] [stdout] 
[INFO] [stdout] 
[INFO] [stdout] warning: unused import: `self`
[INFO] [stdout]   --> src/adapter.rs:12:15
[INFO] [stdout]    |
[INFO] [stdout] 12 | use std::io::{self, Read};
[INFO] [stdout]    |               ^^^^
[INFO] [stdout] 
[INFO] [stdout] 
[INFO] [stdout] warning: trait objects without an explicit `dyn` are deprecated
[INFO] [stdout]   --> src/adapter.rs:88:47
[INFO] [stdout]    |
[INFO] [stdout] 88 |     fn kernel_data_write(&self, _reader: &mut Read) -> Result<bool, chain::Error> {
[INFO] [stdout]    |                                               ^^^^ help: use `dyn`: `dyn Read`
[INFO] [stdout]    |
[INFO] [stdout]    = note: `#[warn(bare_trait_objects)]` on by default
[INFO] [stdout] 
[INFO] [stdout] 
[INFO] [stdout] error[E0053]: method `block_received` has an incompatible type for trait
[INFO] [stdout]   --> src/adapter.rs:69:5
[INFO] [stdout]    |
[INFO] [stdout] 69 |     fn block_received(&self, _: core::Block, _: &PeerInfo, _: bool) -> Result<bool, chain::Error> {
[INFO] [stdout]    |     ^^^^^^^^^^^^^^^^^^^^^^^^^^^^^^^^^^^^^^^^^^^^^^^^^^^^^^^^^^^^^^^^^^^^^^^^^^^^^^^^^^^^^^^^^^^^^ expected struct `grin_chain::Options`, found `bool`
[INFO] [stdout]    |
[INFO] [stdout]    = note: expected fn pointer `fn(&FakeAdapter, grin_core::core::Block, &PeerInfo, grin_chain::Options) -> std::result::Result<_, _>`
[INFO] [stdout]               found fn pointer `fn(&FakeAdapter, grin_core::core::Block, &PeerInfo, bool) -> std::result::Result<_, _>`
[INFO] [stdout] 
[INFO] [stdout] 
[INFO] [stdout] error[E0046]: not all trait items implemented, missing: `txhashset_archive_header`
[INFO] [stdout]   --> src/adapter.rs:34:1
[INFO] [stdout]    |
[INFO] [stdout] 34 | impl ChainAdapter for FakeAdapter {
[INFO] [stdout]    | ^^^^^^^^^^^^^^^^^^^^^^^^^^^^^^^^^ missing `txhashset_archive_header` in implementation
[INFO] [stdout]    |
[INFO] [stdout]    = help: implement the missing item: `fn txhashset_archive_header(&self) -> std::result::Result<BlockHeader, grin_chain::Error> { todo!() }`
[INFO] [stdout] 
[INFO] [stdout] 
[INFO] [stdout] error[E0053]: method `block_received` has an incompatible type for trait
[INFO] [stdout]   --> src/adapter.rs:69:5
[INFO] [stdout]    |
[INFO] [stdout] 69 |     fn block_received(&self, _: core::Block, _: &PeerInfo, _: bool) -> Result<bool, chain::Error> {
[INFO] [stdout]    |     ^^^^^^^^^^^^^^^^^^^^^^^^^^^^^^^^^^^^^^^^^^^^^^^^^^^^^^^^^^^^^^^^^^^^^^^^^^^^^^^^^^^^^^^^^^^^^ expected struct `Options`, found `bool`
[INFO] [stdout]    |
[INFO] [stdout]    = note: expected fn pointer `fn(&FakeAdapter, grin_core::core::Block, &PeerInfo, Options) -> std::result::Result<_, _>`
[INFO] [stdout]               found fn pointer `fn(&FakeAdapter, grin_core::core::Block, &PeerInfo, bool) -> std::result::Result<_, _>`
[INFO] [stdout] 
[INFO] [stdout] 
[INFO] [stdout] error[E0046]: not all trait items implemented, missing: `txhashset_archive_header`
[INFO] [stdout]   --> src/adapter.rs:34:1
[INFO] [stdout]    |
[INFO] [stdout] 34 | impl ChainAdapter for FakeAdapter {
[INFO] [stdout]    | ^^^^^^^^^^^^^^^^^^^^^^^^^^^^^^^^^ missing `txhashset_archive_header` in implementation
[INFO] [stdout]    |
[INFO] [stdout]    = help: implement the missing item: `fn txhashset_archive_header(&self) -> std::result::Result<BlockHeader, grin_chain::Error> { todo!() }`
[INFO] [stdout] 
[INFO] [stdout] 
[INFO] [stdout] error: aborting due to 5 previous errors; 5 warnings emitted
[INFO] [stdout] 
[INFO] [stdout] 
[INFO] [stdout] Some errors have detailed explanations: E0046, E0053, E0407, E0432.
[INFO] [stdout] 
[INFO] [stdout] For more information about an error, try `rustc --explain E0046`.
[INFO] [stdout] 
[INFO] [stderr] error: could not compile `grin-map`.
[INFO] [stderr] 
[INFO] [stderr] To learn more, run the command again with --verbose.
[INFO] [stderr] warning: build failed, waiting for other jobs to finish...
[INFO] [stdout] error: aborting due to 5 previous errors; 5 warnings emitted
[INFO] [stdout] 
[INFO] [stdout] 
[INFO] [stdout] Some errors have detailed explanations: E0046, E0053, E0407, E0432.
[INFO] [stdout] 
[INFO] [stdout] For more information about an error, try `rustc --explain E0046`.
[INFO] [stdout] 
[INFO] [stderr] error: build failed
[INFO] running `Command { std: "docker" "inspect" "f96ee7cea554d163bc8709a6cf1c20837e3e2a7f7018cc01a5d3dfc78aa02bc8", kill_on_drop: false }`
[INFO] running `Command { std: "docker" "rm" "-f" "f96ee7cea554d163bc8709a6cf1c20837e3e2a7f7018cc01a5d3dfc78aa02bc8", kill_on_drop: false }`
[INFO] [stdout] f96ee7cea554d163bc8709a6cf1c20837e3e2a7f7018cc01a5d3dfc78aa02bc8
